{"id":11,"date":"2013-11-22T18:45:14","date_gmt":"2013-11-22T16:45:14","guid":{"rendered":"http:\/\/5638626.swh.strato-hosting.eu\/wordpress_itheina\/?page_id=11"},"modified":"2025-05-20T18:54:46","modified_gmt":"2025-05-20T16:54:46","slug":"impressum","status":"publish","type":"page","link":"https:\/\/it-heina.de\/?page_id=11","title":{"rendered":"Impressum"},"content":{"rendered":"<h1>Impressum<\/h1>\n<p>Narrenzunft Herbertingen e.&nbsp;V.<br>\nFriedrich-Zelter-Str. 23<br>\n88518 Herbertingen<\/p>\n<p>Vereinsregister: <span class=\"caps\">VR560031<\/span><br>\nRegistergericht: Amtsgericht Ulm<\/p>\n<p><strong>Vertreten durch:<\/strong><br>\nStefan Schnitzer<\/p>\n<h2>Kontakt<\/h2>\n<p>Telefon: +49 (0) 75862560343<br>\nTelefax: +49 (0) 123 44 55&nbsp;99<br>\nE\u2011Mail: zunftmeister@it-heina.de<\/p>\n<h2>Redaktionell verantwortlich<\/h2>\n<p>Stefan Schnitzer<br>\nFriedrich-Zelter-Stra\u00dfe 23<br>\n88518 Herbertingen<\/p>\n<h2>Verbraucher\u00adstreit\u00adbeilegung\/Universal\u00adschlichtungs\u00adstelle<\/h2>\n<p>Wir sind nicht bereit oder ver\u00adpflich\u00adtet, an Streitbeilegungsverfahren vor einer Verbraucherschlichtungsstelle teilzunehmen.<\/p>\n<p>Quelle: <a href=\"https:\/\/www.e-recht24.de\/impressum-generator.html\">https:\/\/www.e\u2011recht24.de\/impressum-generator.html<\/a><\/p>\n<h2 style=\"font-size: 1.6em; margin: 10px0px15px; padding: 0px; color: #990000; font-weight: bold; font-family: 'LucidaGrande',Arial,sans-serif; font-style: normal; font-variant: normal; letter-spacing: normal; orphans: autotext-indent:0px; text-transform: none; white-space: normal; widows: auto; word-spacing: 0px; -webkit-text-stroke-width: 0px; background-color: #ffffff; text-align: left;\">Quellenangaben f\u00fcr die verwendeten Bilder und Grafiken:<\/h2>\n<p style=\"margin: 0px; padding: 0px; font-family: Arial,sans-serif; color: #515756; font-size: 13px; font-style: normal; font-variant: normal; font-weight: normal; letter-spacing: normal; line-height: 20px; orphans: autotext-indent:0px; text-transform: none; white-space: normal; widows: auto; word-spacing: 0px; -webkit-text-stroke-width: 0px; background-color: #ffffff; text-align: left;\"><span style=\"color: #000000;\">Thomas Warnack Mendlerstra\u00dfe 19 88499 Riedlingen<\/span><\/p>\n<p style=\"margin: 0px; padding: 0px; font-family: Arial,sans-serif; color: #515756; font-size: 13px; font-style: normal; font-variant: normal; font-weight: normal; letter-spacing: normal; line-height: 20px; orphans: autotext-indent:0px; text-transform: none; white-space: normal; widows: auto; word-spacing: 0px; -webkit-text-stroke-width: 0px; background-color: #ffffff; text-align: left;\"><span style=\"color: #000000;\">Quelle: <i><a style=\"color: #000000; text-decoration: none;\" href=\"http:\/\/www.e-recht24.de\/\" rel=\"nofollow\">http:\/\/www.e\u2011recht24.de<\/a><\/i><\/span><\/p>\n<h1 style=\"font-size: 26px; margin: 10px0px; padding: 0px; font-weight: normal; border-bottom-width: 1px; border-bottom-style: solid; border-bottom-color: #e7e8e6; color: #515756; font-family: 'LucidaGrande',Arial,sans-serif; font-style: normal; font-variant: normal; letter-spacing: normal; orphans: autotext-indent:0px; text-transform: none; white-space: normal; widows: auto; word-spacing: 0px; -webkit-text-stroke-width: 0px; background-color: #ffffff; text-align: left;\"><span style=\"color: #000000;\">Haftungsausschluss (Disclaimer)<\/span><\/h1>\n<p style=\"margin: 0px; padding: 0px; font-family: Arial,sans-serif; color: #515756; font-size: 13px; font-style: normal; font-variant: normal; font-weight: normal; letter-spacing: normal; line-height: 20px; orphans: autotext-indent:0px; text-transform: none; white-space: normal; widows: auto; word-spacing: 0px; -webkit-text-stroke-width: 0px; background-color: #ffffff; text-align: left;\"><span style=\"color: #000000;\"><strong>Haftung f\u00fcr Inhalte<\/strong><\/span><\/p>\n<p style=\"margin: 0px; padding: 0px; font-family: Arial,sans-serif; color: #515756; font-size: 13px; font-style: normal; font-variant: normal; font-weight: normal; letter-spacing: normal; line-height: 20px; orphans: autotext-indent:0px; text-transform: none; white-space: normal; widows: auto; word-spacing: 0px; -webkit-text-stroke-width: 0px; background-color: #ffffff; text-align: left;\"><span style=\"color: #000000;\">Als Diensteanbieter sind wir gem\u00e4\u00df \u00a7 7 Abs.1 <span class=\"caps\">TMG<\/span> f\u00fcr eigene Inhalte auf diesen Seiten nach den all\u00adge\u00admei\u00adnen Gesetzen ver\u00adant\u00adwort\u00adlich. Nach \u00a7\u00a7 8 bis 10 <span class=\"caps\">TMG<\/span> sind wir als Diensteanbieter jedoch nicht ver\u00adpflich\u00adtet, \u00fcber\u00admit\u00adtel\u00adte oder gespei\u00adcher\u00adte fremde Informationen zu \u00fcber\u00adwa\u00adchen oder nach Umst\u00e4nden zu forschen, die auf eine rechts\u00adwid\u00adri\u00adge T\u00e4tigkeit hinweisen. Verpflichtungen zur Entfernung oder Sperrung der Nutzung von Informationen nach den all\u00adge\u00admei\u00adnen Gesetzen bleiben hiervon unber\u00fchrt. Eine dies\u00adbe\u00adz\u00fcg\u00adli\u00adche Haftung ist jedoch erst ab dem Zeitpunkt der Kenntnis einer konkreten Rechtsverletzung m\u00f6glich. Bei Bekanntwerden von ent\u00adspre\u00adchen\u00adden Rechtsverletzungen werden wir diese Inhalte umgehend entfernen.<\/span><\/p>\n<p style=\"margin: 0px; padding: 0px; font-family: Arial,sans-serif; color: #515756; font-size: 13px; font-style: normal; font-variant: normal; font-weight: normal; letter-spacing: normal; line-height: 20px; orphans: autotext-indent:0px; text-transform: none; white-space: normal; widows: auto; word-spacing: 0px; -webkit-text-stroke-width: 0px; background-color: #ffffff; text-align: left;\"><span style=\"color: #000000;\"><strong>Haftung f\u00fcr&nbsp;Links<\/strong><\/span><\/p>\n<p style=\"margin: 0px; padding: 0px; font-family: Arial,sans-serif; color: #515756; font-size: 13px; font-style: normal; font-variant: normal; font-weight: normal; letter-spacing: normal; line-height: 20px; orphans: autotext-indent:0px; text-transform: none; white-space: normal; widows: auto; word-spacing: 0px; -webkit-text-stroke-width: 0px; background-color: #ffffff; text-align: left;\"><span style=\"color: #000000;\">Unser Angebot enth\u00e4lt Links zu externen Webseiten Dritter, auf deren Inhalte wir keinen Einfluss haben. Deshalb k\u00f6nnen wir f\u00fcr diese fremden Inhalte auch keine Gew\u00e4hr \u00fcber\u00adneh\u00admen. F\u00fcr die Inhalte der ver\u00adlink\u00adten Seiten ist stets der jeweilige Anbieter oder Betreiber der Seiten ver\u00adant\u00adwort\u00adlich. Die ver\u00adlink\u00adten Seiten wurden zum Zeitpunkt der Verlinkung auf m\u00f6gliche Rechtsverst\u00f6\u00dfe \u00fcberpr\u00fcft. Rechtswidrige Inhalte waren zum Zeitpunkt der Verlinkung nicht erkennbar. Eine per\u00adma\u00adnen\u00adte inhalt\u00adli\u00adche Kontrolle der ver\u00adlink\u00adten Seiten ist jedoch ohne konkrete Anhaltspunkte einer Rechtsverletzung nicht zumutbar. Bei Bekanntwerden von Rechtsverletzungen werden wir derartige Links umgehend entfernen.<\/span><\/p>\n<p style=\"margin: 0px; padding: 0px; font-family: Arial,sans-serif; color: #515756; font-size: 13px; font-style: normal; font-variant: normal; font-weight: normal; letter-spacing: normal; line-height: 20px; orphans: autotext-indent:0px; text-transform: none; white-space: normal; widows: auto; word-spacing: 0px; -webkit-text-stroke-width: 0px; background-color: #ffffff; text-align: left;\"><span style=\"color: #000000;\"><strong>Urheberrecht<\/strong><\/span><\/p>\n<p style=\"margin: 0px; padding: 0px; font-family: Arial,sans-serif; color: #515756; font-size: 13px; font-style: normal; font-variant: normal; font-weight: normal; letter-spacing: normal; line-height: 20px; orphans: autotext-indent:0px; text-transform: none; white-space: normal; widows: auto; word-spacing: 0px; -webkit-text-stroke-width: 0px; background-color: #ffffff; text-align: left;\"><span style=\"color: #000000;\">Die durch die Seitenbetreiber erstell\u00adten Inhalte und Werke auf diesen Seiten unter\u00adlie\u00adgen dem deutschen Urheberrecht. Die Vervielf\u00e4ltigung, Bearbeitung, Verbreitung und jede Art der Verwertung au\u00dferhalb der Grenzen des Urheberrechtes bed\u00fcrfen der schrift\u00adli\u00adchen Zustimmung des jewei\u00adli\u00adgen Autors bzw. Erstellers. Downloads und Kopien dieser Seite sind nur f\u00fcr den privaten, nicht kom\u00admer\u00adzi\u00adel\u00adlen Gebrauch gestattet. Soweit die Inhalte auf dieser Seite nicht vom Betreiber erstellt wurden, werden die Urheberrechte Dritter beachtet. Insbesondere werden Inhalte Dritter als solche gekenn\u00adzeich\u00adnet. Sollten Sie trotzdem auf eine Urheberrechtsverletzung auf\u00admerk\u00adsam werden, bitten wir um einen ent\u00adspre\u00adchen\u00adden Hinweis. Bei Bekanntwerden von Rechtsverletzungen werden wir derartige Inhalte umgehend entfernen.<\/span><\/p>\n<p style=\"margin: 0px; padding: 0px; font-family: Arial,sans-serif; color: #515756; font-size: 13px; font-style: normal; font-variant: normal; font-weight: normal; letter-spacing: normal; line-height: 20px; orphans: autotext-indent:0px; text-transform: none; white-space: normal; widows: auto; word-spacing: 0px; -webkit-text-stroke-width: 0px; background-color: #ffffff; text-align: left;\"><span style=\"color: #000000;\"><i>Quellverweis: <\/i><i><a style=\"color: #000000; text-decoration: none;\" href=\"http:\/\/www.e-recht24.de\/muster-disclaimer.html\" target=\"_blank\" rel=\"nofollow noopener noreferrer\">eRecht24 Disclaimer<\/a><\/i><\/span><\/p>\n<p><span style=\"color: #000000;\"><u>Die Narrenzunft Herbertingen e.V. ist Mitglied von folgenden Verb\u00e4nden:<\/u><\/span><\/p>\n<ul>\n<li><span style=\"color: #000000;\">Mitglied der Vereinigung Freier Oberschw\u00e4bischer Narrenz\u00fcnfte e.V.<\/span><\/li>\n<li><span style=\"color: #000000;\">Mitglied der Arbeitsgemeinschaft S\u00fcdwestdeutscher Narrenvereinigungen und Verb\u00e4nde<\/span><\/li>\n<\/ul>\n","protected":false},"excerpt":{"rendered":"<p>Impressum Narrenzunft Herbertingen e.&nbsp;V. Friedrich-Zelter-Str. 23 88518 Herbertingen Vereinsregister: <span class=\"caps\">VR560031<\/span> Registergericht: Amtsgericht Ulm Vertreten durch: Stefan Schnitzer Kontakt Telefon: +49 (0) 75862560343 Telefax: +49 (0) 123 44 55&nbsp;99 E\u2011Mail: zunftmeister@it-heina.de Redaktionell ver\u00adant\u00adwort\u00adlich Stefan Schnitzer Friedrich-Zelter-Stra\u00dfe 23 88518 Herbertingen Verbraucher\u00adstreit\u00adbeilegung\/Universal\u00adschlichtungs\u00adstelle Wir sind nicht bereit oder ver\u00adpflich\u00adtet, an Streitbeilegungsverfahren vor einer Verbraucherschlichtungsstelle teil\u00adzu\u00adneh\u00admen. Quelle: https:\/\/www.e\u2011recht24.de\/impressum-generator.html Quellenangaben f\u00fcr&nbsp;\u2026<\/p>\n","protected":false},"author":1,"featured_media":0,"parent":0,"menu_order":0,"comment_status":"closed","ping_status":"open","template":"","meta":{"wp_typography_post_enhancements_disabled":false,"footnotes":""},"class_list":["post-11","page","type-page","status-publish","hentry"],"_links":{"self":[{"href":"https:\/\/it-heina.de\/index.php?rest_route=\/wp\/v2\/pages\/11","targetHints":{"allow":["GET"]}}],"collection":[{"href":"https:\/\/it-heina.de\/index.php?rest_route=\/wp\/v2\/pages"}],"about":[{"href":"https:\/\/it-heina.de\/index.php?rest_route=\/wp\/v2\/types\/page"}],"author":[{"embeddable":true,"href":"https:\/\/it-heina.de\/index.php?rest_route=\/wp\/v2\/users\/1"}],"replies":[{"embeddable":true,"href":"https:\/\/it-heina.de\/index.php?rest_route=%2Fwp%2Fv2%2Fcomments&post=11"}],"version-history":[{"count":22,"href":"https:\/\/it-heina.de\/index.php?rest_route=\/wp\/v2\/pages\/11\/revisions"}],"predecessor-version":[{"id":4196,"href":"https:\/\/it-heina.de\/index.php?rest_route=\/wp\/v2\/pages\/11\/revisions\/4196"}],"wp:attachment":[{"href":"https:\/\/it-heina.de\/index.php?rest_route=%2Fwp%2Fv2%2Fmedia&parent=11"}],"curies":[{"name":"wp","href":"https:\/\/api.w.org\/{rel}","templated":true}]}}

<h1>Impressum</h1>
<p>Narrenzunft Herbertingen e.&nbsp;V.<br>
Friedrich-Zelter-Str. 23<br>
88518 Herbertingen</p>
<p>Vereinsregister: <span class="caps">VR560031</span><br>
Registergericht: Amtsgericht Ulm</p>
<p><strong>Vertreten durch:</strong><br>
Stefan Schnitzer</p>
<h2>Kontakt</h2>
<p>Telefon: +49 (0) 75862560343<br>
Telefax: +49 (0) 123 44 55&nbsp;99<br>
E‑Mail: zunftmeister@it-heina.de</p>
<h2>Redaktionell verantwortlich</h2>
<p>Stefan Schnitzer<br>
Friedrich-Zelter-Straße 23<br>
88518 Herbertingen</p>
<h2>Verbraucher­streit­beilegung/Universal­schlichtungs­stelle</h2>
<p>Wir sind nicht bereit oder ver­pflich­tet, an Streitbeilegungsverfahren vor einer Verbraucherschlichtungsstelle teilzunehmen.</p>
<p>Quelle: <a href="https://www.e-recht24.de/impressum-generator.html">https://www.e‑recht24.de/impressum-generator.html</a></p>
<h2 style="font-size: 1.6em; margin: 10px0px15px; padding: 0px; color: #990000; font-weight: bold; font-family: 'LucidaGrande',Arial,sans-serif; font-style: normal; font-variant: normal; letter-spacing: normal; orphans: autotext-indent:0px; text-transform: none; white-space: normal; widows: auto; word-spacing: 0px; -webkit-text-stroke-width: 0px; background-color: #ffffff; text-align: left;">Quellenangaben für die verwendeten Bilder und Grafiken:</h2>
<p style="margin: 0px; padding: 0px; font-family: Arial,sans-serif; color: #515756; font-size: 13px; font-style: normal; font-variant: normal; font-weight: normal; letter-spacing: normal; line-height: 20px; orphans: autotext-indent:0px; text-transform: none; white-space: normal; widows: auto; word-spacing: 0px; -webkit-text-stroke-width: 0px; background-color: #ffffff; text-align: left;"><span style="color: #000000;">Thomas Warnack Mendlerstraße 19 88499 Riedlingen</span></p>
<p style="margin: 0px; padding: 0px; font-family: Arial,sans-serif; color: #515756; font-size: 13px; font-style: normal; font-variant: normal; font-weight: normal; letter-spacing: normal; line-height: 20px; orphans: autotext-indent:0px; text-transform: none; white-space: normal; widows: auto; word-spacing: 0px; -webkit-text-stroke-width: 0px; background-color: #ffffff; text-align: left;"><span style="color: #000000;">Quelle: <i><a style="color: #000000; text-decoration: none;" href="http://www.e-recht24.de/" rel="nofollow">http://www.e‑recht24.de</a></i></span></p>
<h1 style="font-size: 26px; margin: 10px0px; padding: 0px; font-weight: normal; border-bottom-width: 1px; border-bottom-style: solid; border-bottom-color: #e7e8e6; color: #515756; font-family: 'LucidaGrande',Arial,sans-serif; font-style: normal; font-variant: normal; letter-spacing: normal; orphans: autotext-indent:0px; text-transform: none; white-space: normal; widows: auto; word-spacing: 0px; -webkit-text-stroke-width: 0px; background-color: #ffffff; text-align: left;"><span style="color: #000000;">Haftungsausschluss (Disclaimer)</span></h1>
<p style="margin: 0px; padding: 0px; font-family: Arial,sans-serif; color: #515756; font-size: 13px; font-style: normal; font-variant: normal; font-weight: normal; letter-spacing: normal; line-height: 20px; orphans: autotext-indent:0px; text-transform: none; white-space: normal; widows: auto; word-spacing: 0px; -webkit-text-stroke-width: 0px; background-color: #ffffff; text-align: left;"><span style="color: #000000;"><strong>Haftung für Inhalte</strong></span></p>
<p style="margin: 0px; padding: 0px; font-family: Arial,sans-serif; color: #515756; font-size: 13px; font-style: normal; font-variant: normal; font-weight: normal; letter-spacing: normal; line-height: 20px; orphans: autotext-indent:0px; text-transform: none; white-space: normal; widows: auto; word-spacing: 0px; -webkit-text-stroke-width: 0px; background-color: #ffffff; text-align: left;"><span style="color: #000000;">Als Diensteanbieter sind wir gemäß § 7 Abs.1 <span class="caps">TMG</span> für eigene Inhalte auf diesen Seiten nach den all­ge­mei­nen Gesetzen ver­ant­wort­lich. Nach §§ 8 bis 10 <span class="caps">TMG</span> sind wir als Diensteanbieter jedoch nicht ver­pflich­tet, über­mit­tel­te oder gespei­cher­te fremde Informationen zu über­wa­chen oder nach Umständen zu forschen, die auf eine rechts­wid­ri­ge Tätigkeit hinweisen. Verpflichtungen zur Entfernung oder Sperrung der Nutzung von Informationen nach den all­ge­mei­nen Gesetzen bleiben hiervon unberührt. Eine dies­be­züg­li­che Haftung ist jedoch erst ab dem Zeitpunkt der Kenntnis einer konkreten Rechtsverletzung möglich. Bei Bekanntwerden von ent­spre­chen­den Rechtsverletzungen werden wir diese Inhalte umgehend entfernen.</span></p>
<p style="margin: 0px; padding: 0px; font-family: Arial,sans-serif; color: #515756; font-size: 13px; font-style: normal; font-variant: normal; font-weight: normal; letter-spacing: normal; line-height: 20px; orphans: autotext-indent:0px; text-transform: none; white-space: normal; widows: auto; word-spacing: 0px; -webkit-text-stroke-width: 0px; background-color: #ffffff; text-align: left;"><span style="color: #000000;"><strong>Haftung für&nbsp;Links</strong></span></p>
<p style="margin: 0px; padding: 0px; font-family: Arial,sans-serif; color: #515756; font-size: 13px; font-style: normal; font-variant: normal; font-weight: normal; letter-spacing: normal; line-height: 20px; orphans: autotext-indent:0px; text-transform: none; white-space: normal; widows: auto; word-spacing: 0px; -webkit-text-stroke-width: 0px; background-color: #ffffff; text-align: left;"><span style="color: #000000;">Unser Angebot enthält Links zu externen Webseiten Dritter, auf deren Inhalte wir keinen Einfluss haben. Deshalb können wir für diese fremden Inhalte auch keine Gewähr über­neh­men. Für die Inhalte der ver­link­ten Seiten ist stets der jeweilige Anbieter oder Betreiber der Seiten ver­ant­wort­lich. Die ver­link­ten Seiten wurden zum Zeitpunkt der Verlinkung auf mögliche Rechtsverstöße überprüft. Rechtswidrige Inhalte waren zum Zeitpunkt der Verlinkung nicht erkennbar. Eine per­ma­nen­te inhalt­li­che Kontrolle der ver­link­ten Seiten ist jedoch ohne konkrete Anhaltspunkte einer Rechtsverletzung nicht zumutbar. Bei Bekanntwerden von Rechtsverletzungen werden wir derartige Links umgehend entfernen.</span></p>
<p style="margin: 0px; padding: 0px; font-family: Arial,sans-serif; color: #515756; font-size: 13px; font-style: normal; font-variant: normal; font-weight: normal; letter-spacing: normal; line-height: 20px; orphans: autotext-indent:0px; text-transform: none; white-space: normal; widows: auto; word-spacing: 0px; -webkit-text-stroke-width: 0px; background-color: #ffffff; text-align: left;"><span style="color: #000000;"><strong>Urheberrecht</strong></span></p>
<p style="margin: 0px; padding: 0px; font-family: Arial,sans-serif; color: #515756; font-size: 13px; font-style: normal; font-variant: normal; font-weight: normal; letter-spacing: normal; line-height: 20px; orphans: autotext-indent:0px; text-transform: none; white-space: normal; widows: auto; word-spacing: 0px; -webkit-text-stroke-width: 0px; background-color: #ffffff; text-align: left;"><span style="color: #000000;">Die durch die Seitenbetreiber erstell­ten Inhalte und Werke auf diesen Seiten unter­lie­gen dem deutschen Urheberrecht. Die Vervielfältigung, Bearbeitung, Verbreitung und jede Art der Verwertung außerhalb der Grenzen des Urheberrechtes bedürfen der schrift­li­chen Zustimmung des jewei­li­gen Autors bzw. Erstellers. Downloads und Kopien dieser Seite sind nur für den privaten, nicht kom­mer­zi­el­len Gebrauch gestattet. Soweit die Inhalte auf dieser Seite nicht vom Betreiber erstellt wurden, werden die Urheberrechte Dritter beachtet. Insbesondere werden Inhalte Dritter als solche gekenn­zeich­net. Sollten Sie trotzdem auf eine Urheberrechtsverletzung auf­merk­sam werden, bitten wir um einen ent­spre­chen­den Hinweis. Bei Bekanntwerden von Rechtsverletzungen werden wir derartige Inhalte umgehend entfernen.</span></p>
<p style="margin: 0px; padding: 0px; font-family: Arial,sans-serif; color: #515756; font-size: 13px; font-style: normal; font-variant: normal; font-weight: normal; letter-spacing: normal; line-height: 20px; orphans: autotext-indent:0px; text-transform: none; white-space: normal; widows: auto; word-spacing: 0px; -webkit-text-stroke-width: 0px; background-color: #ffffff; text-align: left;"><span style="color: #000000;"><i>Quellverweis: </i><i><a style="color: #000000; text-decoration: none;" href="http://www.e-recht24.de/muster-disclaimer.html" target="_blank" rel="nofollow noopener noreferrer">eRecht24 Disclaimer</a></i></span></p>
<p><span style="color: #000000;"><u>Die Narrenzunft Herbertingen e.V. ist Mitglied von folgenden Verbänden:</u></span></p>
<ul>
<li><span style="color: #000000;">Mitglied der Vereinigung Freier Oberschwäbischer Narrenzünfte e.V.</span></li>
<li><span style="color: #000000;">Mitglied der Arbeitsgemeinschaft Südwestdeutscher Narrenvereinigungen und Verbände</span></li>
</ul>

<p>Impressum Narrenzunft Herbertingen e.&nbsp;V. Friedrich-Zelter-Str. 23 88518 Herbertingen Vereinsregister: <span class="caps">VR560031</span> Registergericht: Amtsgericht Ulm Vertreten durch: Stefan Schnitzer Kontakt Telefon: +49 (0) 75862560343 Telefax: +49 (0) 123 44 55&nbsp;99 E‑Mail: zunftmeister@it-heina.de Redaktionell ver­ant­wort­lich Stefan Schnitzer Friedrich-Zelter-Straße 23 88518 Herbertingen Verbraucher­streit­beilegung/Universal­schlichtungs­stelle Wir sind nicht bereit oder ver­pflich­tet, an Streitbeilegungsverfahren vor einer Verbraucherschlichtungsstelle teil­zu­neh­men. Quelle: https://www.e‑recht24.de/impressum-generator.html Quellenangaben für&nbsp;…</p>
