{"id":130,"date":"2013-11-27T20:19:28","date_gmt":"2013-11-27T18:19:28","guid":{"rendered":"http:\/\/5638626.swh.strato-hosting.eu\/wordpress_itheina\/?page_id=130"},"modified":"2020-11-07T16:43:01","modified_gmt":"2020-11-07T15:43:01","slug":"nz-herbertingen-und-die-vfon","status":"publish","type":"page","link":"https:\/\/it-heina.de\/?page_id=130","title":{"rendered":"<span class=\"caps\">NZ<\/span> Herbertingen und die&nbsp;<span class=\"caps\">VFON<\/span>"},"content":{"rendered":"<p><a href=\"http:\/\/www.vfon.de\" target=\"_blank\" rel=\"noopener noreferrer\"><img loading=\"lazy\" decoding=\"async\" class=\"aligncenter wp-image-270 size-full\" src=\"https:\/\/it-heina.de\/wp-content\/uploads\/2013\/11\/vfon.gif\" alt width=\"150\" height=\"150\"><\/a><\/p>\n<p><span style=\"font-size: 16px; color: #000000;\">Die Narrenzunft Herbertingen ist Gr\u00fcndungsmitglied der Vereinigung Freier Oberschw\u00e4bischer Narrenz\u00fcnfte. Die <span class=\"caps\">VFON<\/span> wurde 1969 in Herbertingen gegr\u00fcndet.<\/span><\/p>\n","protected":false},"excerpt":{"rendered":"<p>Die Narrenzunft Herbertingen ist Gr\u00fcndungsmitglied der Vereinigung Freier Oberschw\u00e4bischer Narrenz\u00fcnfte. Die <span class=\"caps\">VFON<\/span> wurde 1969 in Herbertingen gegr\u00fcndet.<\/p>\n","protected":false},"author":1,"featured_media":0,"parent":0,"menu_order":0,"comment_status":"closed","ping_status":"closed","template":"","meta":{"wp_typography_post_enhancements_disabled":false,"footnotes":""},"class_list":["post-130","page","type-page","status-publish","hentry"],"_links":{"self":[{"href":"https:\/\/it-heina.de\/index.php?rest_route=\/wp\/v2\/pages\/130","targetHints":{"allow":["GET"]}}],"collection":[{"href":"https:\/\/it-heina.de\/index.php?rest_route=\/wp\/v2\/pages"}],"about":[{"href":"https:\/\/it-heina.de\/index.php?rest_route=\/wp\/v2\/types\/page"}],"author":[{"embeddable":true,"href":"https:\/\/it-heina.de\/index.php?rest_route=\/wp\/v2\/users\/1"}],"replies":[{"embeddable":true,"href":"https:\/\/it-heina.de\/index.php?rest_route=%2Fwp%2Fv2%2Fcomments&post=130"}],"version-history":[{"count":6,"href":"https:\/\/it-heina.de\/index.php?rest_route=\/wp\/v2\/pages\/130\/revisions"}],"predecessor-version":[{"id":2433,"href":"https:\/\/it-heina.de\/index.php?rest_route=\/wp\/v2\/pages\/130\/revisions\/2433"}],"wp:attachment":[{"href":"https:\/\/it-heina.de\/index.php?rest_route=%2Fwp%2Fv2%2Fmedia&parent=130"}],"curies":[{"name":"wp","href":"https:\/\/api.w.org\/{rel}","templated":true}]}}