{"id":46,"date":"2013-11-24T15:31:32","date_gmt":"2013-11-24T13:31:32","guid":{"rendered":"http:\/\/5638626.swh.strato-hosting.eu\/wordpress_itheina\/?page_id=46"},"modified":"2020-11-07T16:47:24","modified_gmt":"2020-11-07T15:47:24","slug":"weckenzwinger","status":"publish","type":"page","link":"https:\/\/it-heina.de\/?page_id=46","title":{"rendered":"Zunftbr\u00fcder"},"content":{"rendered":"<!-- wp:image {\"id\":2436,\"width\":512,\"height\":377,\"sizeSlug\":\"large\"}--><div class=\"gridContainer\">\n<figure class=\"wp-block-image size-large is-resized\"><img loading=\"lazy\" decoding=\"async\" src=\"https:\/\/it-heina.de\/wp-content\/uploads\/2020\/11\/Zunftrat-1024x753.jpg\" alt class=\"wp-image-2436\" width=\"512\" height=\"377\" srcset=\"https:\/\/it-heina.de\/wp-content\/uploads\/2020\/11\/Zunftrat-1024x753.jpg 1024w, https:\/\/it-heina.de\/wp-content\/uploads\/2020\/11\/Zunftrat-300x221.jpg 300w, https:\/\/it-heina.de\/wp-content\/uploads\/2020\/11\/Zunftrat-768x565.jpg 768w, https:\/\/it-heina.de\/wp-content\/uploads\/2020\/11\/Zunftrat-1536x1130.jpg 1536w, https:\/\/it-heina.de\/wp-content\/uploads\/2020\/11\/Zunftrat-2048x1507.jpg 2048w, https:\/\/it-heina.de\/wp-content\/uploads\/2020\/11\/Zunftrat-1468x1080.jpg 1468w\" sizes=\"auto, (max-width: 512px) 100vw, 512px\"><\/figure>\n<\/div><!-- \/wp:image-->\n\n<!-- wp:group--><div class=\"gridContainer\">\n<div class=\"wp-block-group\"><div class=\"wp-block-group__inner-container\"><!-- wp:freeform--><div class=\"gridContainer\">\n<p><span style=\"color: #000000;\">Die Zunftbr\u00fcder stellen die amtie\u00adren\u00adden Ausschussmitglieder dar. Sie sind in den Umz\u00fcgen immer direkt hinter den B\u00fctteln und f\u00fchren die Zunft&nbsp;an.<\/span><\/p>\n<p><span style=\"color: #000000;\">Das H\u00e4s der Zunftbr\u00fcder erinnert an mit\u00adtel\u00adal\u00adter\u00adli\u00adche Ratsherrenkleider. Sie tragen Schnallenschuhe, ein blaues Samtwams auf wei\u00dfer Bluse. Dar\u00fcber ist ein weinroter Mantel. Auf dem Kopf tragen sie eine blaue Samtkappe.<\/span><\/p>\n<\/div><!-- \/wp:freeform-->\n\n<!-- wp:paragraph--><div class=\"gridContainer\">\n<p><\/p>\n<\/div><!-- \/wp:paragraph--><\/div><\/div>\n<\/div><!-- \/wp:group-->","protected":false},"excerpt":{"rendered":"<p>Die Zunftbr\u00fcder stellen die amtie\u00adren\u00adden Ausschussmitglieder dar. Sie sind in den Umz\u00fcgen immer direkt hinter den B\u00fctteln und f\u00fchren die Zunft&nbsp;an. Das H\u00e4s der Zunftbr\u00fcder erinnert an mit\u00adtel\u00adal\u00adter\u00adli\u00adche Ratsherrenkleider. Sie tragen Schnallenschuhe, ein blaues Samtwams auf wei\u00dfer Bluse. Dar\u00fcber ist ein weinroter Mantel. Auf dem Kopf tragen sie eine blaue Samtkappe.<\/p>\n","protected":false},"author":1,"featured_media":0,"parent":0,"menu_order":0,"comment_status":"closed","ping_status":"open","template":"","meta":{"wp_typography_post_enhancements_disabled":false,"footnotes":""},"class_list":["post-46","page","type-page","status-publish","hentry"],"_links":{"self":[{"href":"https:\/\/it-heina.de\/index.php?rest_route=\/wp\/v2\/pages\/46","targetHints":{"allow":["GET"]}}],"collection":[{"href":"https:\/\/it-heina.de\/index.php?rest_route=\/wp\/v2\/pages"}],"about":[{"href":"https:\/\/it-heina.de\/index.php?rest_route=\/wp\/v2\/types\/page"}],"author":[{"embeddable":true,"href":"https:\/\/it-heina.de\/index.php?rest_route=\/wp\/v2\/users\/1"}],"replies":[{"embeddable":true,"href":"https:\/\/it-heina.de\/index.php?rest_route=%2Fwp%2Fv2%2Fcomments&post=46"}],"version-history":[{"count":14,"href":"https:\/\/it-heina.de\/index.php?rest_route=\/wp\/v2\/pages\/46\/revisions"}],"predecessor-version":[{"id":2437,"href":"https:\/\/it-heina.de\/index.php?rest_route=\/wp\/v2\/pages\/46\/revisions\/2437"}],"wp:attachment":[{"href":"https:\/\/it-heina.de\/index.php?rest_route=%2Fwp%2Fv2%2Fmedia&parent=46"}],"curies":[{"name":"wp","href":"https:\/\/api.w.org\/{rel}","templated":true}]}}